{"id":1580,"date":"2016-07-27T09:26:20","date_gmt":"2016-07-27T07:26:20","guid":{"rendered":"http:\/\/www.nfv09.de\/home\/?page_id=1580"},"modified":"2016-07-27T09:28:22","modified_gmt":"2016-07-27T07:28:22","slug":"statisatik-1-mannschaft","status":"publish","type":"page","link":"https:\/\/www.nfv09.de\/home\/1-mannschaft\/statisatik-1-mannschaft\/","title":{"rendered":"Statisatik 1. Mannschaft"},"content":{"rendered":"<p><script src=\"https:\/\/www.fupa.net\/fupa\/widget.min.js\" type=\"text\/javascript\"><\/script><\/p>\n<div id=\"widget_579861dc15d94\">&#8230; lade FuPa Widget &#8230;<br \/>\n<script type=\"text\/javascript\">\/\/ <![CDATA[\nvar fupa_widget_header = 0; var fupa_widget_navi = 0; var fupa_widget_div = \"widget_579861dc15d94\"; var fupa_widget_module = \"0\"; team_widget(356130,'statistik');\n\/\/ ]]><\/script><\/div>\n<p><a class=\"fupa_link\" href=\"http:\/\/www.fupa.net\/vereine\/nfv-gelb-weiss-goerlitz.html\" target=\"_blank\">NFV Gelb-Wei\u00df G\u00f6rlitz auf FuPa<\/a><\/p>\n","protected":false},"excerpt":{"rendered":"<p>&#8230; lade FuPa Widget &#8230; NFV Gelb-Wei\u00df G\u00f6rlitz auf FuPa<\/p>\n","protected":false},"author":1,"featured_media":0,"parent":81,"menu_order":0,"comment_status":"closed","ping_status":"closed","template":"","meta":{"footnotes":""},"class_list":["post-1580","page","type-page","status-publish","hentry"],"yoast_head":"<!-- This site is optimized with the Yoast SEO plugin v27.4 - https:\/\/yoast.com\/product\/yoast-seo-wordpress\/ -->\n<title>Statisatik 1. Mannschaft - NFV Gelb-Wei\u00df G\u00f6rlitz 09 e.V.<\/title>\n<meta name=\"robots\" content=\"index, follow, max-snippet:-1, max-image-preview:large, max-video-preview:-1\" \/>\n<link rel=\"canonical\" href=\"https:\/\/www.nfv09.de\/home\/1-mannschaft\/statisatik-1-mannschaft\/\" \/>\n<meta property=\"og:locale\" content=\"de_DE\" \/>\n<meta property=\"og:type\" content=\"article\" \/>\n<meta property=\"og:title\" content=\"Statisatik 1. Mannschaft - NFV Gelb-Wei\u00df G\u00f6rlitz 09 e.V.\" \/>\n<meta property=\"og:description\" content=\"&#8230; lade FuPa Widget &#8230; NFV Gelb-Wei\u00df G\u00f6rlitz auf FuPa\" \/>\n<meta property=\"og:url\" content=\"https:\/\/www.nfv09.de\/home\/1-mannschaft\/statisatik-1-mannschaft\/\" \/>\n<meta property=\"og:site_name\" content=\"NFV Gelb-Wei\u00df G\u00f6rlitz 09 e.V.\" \/>\n<meta property=\"article:modified_time\" content=\"2016-07-27T07:28:22+00:00\" \/>\n<meta name=\"twitter:card\" content=\"summary_large_image\" \/>\n<script type=\"application\/ld+json\" class=\"yoast-schema-graph\">{\"@context\":\"https:\\\/\\\/schema.org\",\"@graph\":[{\"@type\":\"WebPage\",\"@id\":\"https:\\\/\\\/www.nfv09.de\\\/home\\\/1-mannschaft\\\/statisatik-1-mannschaft\\\/\",\"url\":\"https:\\\/\\\/www.nfv09.de\\\/home\\\/1-mannschaft\\\/statisatik-1-mannschaft\\\/\",\"name\":\"Statisatik 1. Mannschaft - NFV Gelb-Wei\u00df G\u00f6rlitz 09 e.V.\",\"isPartOf\":{\"@id\":\"https:\\\/\\\/www.nfv09.de\\\/home\\\/#website\"},\"datePublished\":\"2016-07-27T07:26:20+00:00\",\"dateModified\":\"2016-07-27T07:28:22+00:00\",\"breadcrumb\":{\"@id\":\"https:\\\/\\\/www.nfv09.de\\\/home\\\/1-mannschaft\\\/statisatik-1-mannschaft\\\/#breadcrumb\"},\"inLanguage\":\"de\",\"potentialAction\":[{\"@type\":\"ReadAction\",\"target\":[\"https:\\\/\\\/www.nfv09.de\\\/home\\\/1-mannschaft\\\/statisatik-1-mannschaft\\\/\"]}]},{\"@type\":\"BreadcrumbList\",\"@id\":\"https:\\\/\\\/www.nfv09.de\\\/home\\\/1-mannschaft\\\/statisatik-1-mannschaft\\\/#breadcrumb\",\"itemListElement\":[{\"@type\":\"ListItem\",\"position\":1,\"name\":\"Startseite\",\"item\":\"https:\\\/\\\/www.nfv09.de\\\/home\\\/\"},{\"@type\":\"ListItem\",\"position\":2,\"name\":\"Herren\",\"item\":\"https:\\\/\\\/www.nfv09.de\\\/home\\\/1-mannschaft\\\/\"},{\"@type\":\"ListItem\",\"position\":3,\"name\":\"Statisatik 1. Mannschaft\"}]},{\"@type\":\"WebSite\",\"@id\":\"https:\\\/\\\/www.nfv09.de\\\/home\\\/#website\",\"url\":\"https:\\\/\\\/www.nfv09.de\\\/home\\\/\",\"name\":\"NFV Gelb-Wei\u00df G\u00f6rlitz 09 e.V.\",\"description\":\"Sachsenklasse Ost\",\"publisher\":{\"@id\":\"https:\\\/\\\/www.nfv09.de\\\/home\\\/#\\\/schema\\\/person\\\/ed693ed28e6e4b3f80b32447b2b6cbc7\"},\"potentialAction\":[{\"@type\":\"SearchAction\",\"target\":{\"@type\":\"EntryPoint\",\"urlTemplate\":\"https:\\\/\\\/www.nfv09.de\\\/home\\\/?s={search_term_string}\"},\"query-input\":{\"@type\":\"PropertyValueSpecification\",\"valueRequired\":true,\"valueName\":\"search_term_string\"}}],\"inLanguage\":\"de\"},{\"@type\":[\"Person\",\"Organization\"],\"@id\":\"https:\\\/\\\/www.nfv09.de\\\/home\\\/#\\\/schema\\\/person\\\/ed693ed28e6e4b3f80b32447b2b6cbc7\",\"name\":\"Regassi\",\"image\":{\"@type\":\"ImageObject\",\"inLanguage\":\"de\",\"@id\":\"https:\\\/\\\/www.nfv09.de\\\/home\\\/wp-content\\\/uploads\\\/2015\\\/04\\\/cropped-nfv-gelb-weiss-goerlitz-e1468573113314-1.gif\",\"url\":\"https:\\\/\\\/www.nfv09.de\\\/home\\\/wp-content\\\/uploads\\\/2015\\\/04\\\/cropped-nfv-gelb-weiss-goerlitz-e1468573113314-1.gif\",\"contentUrl\":\"https:\\\/\\\/www.nfv09.de\\\/home\\\/wp-content\\\/uploads\\\/2015\\\/04\\\/cropped-nfv-gelb-weiss-goerlitz-e1468573113314-1.gif\",\"width\":100,\"height\":122,\"caption\":\"Regassi\"},\"logo\":{\"@id\":\"https:\\\/\\\/www.nfv09.de\\\/home\\\/wp-content\\\/uploads\\\/2015\\\/04\\\/cropped-nfv-gelb-weiss-goerlitz-e1468573113314-1.gif\"}}]}<\/script>\n<!-- \/ Yoast SEO plugin. -->","yoast_head_json":{"title":"Statisatik 1. Mannschaft - NFV Gelb-Wei\u00df G\u00f6rlitz 09 e.V.","robots":{"index":"index","follow":"follow","max-snippet":"max-snippet:-1","max-image-preview":"max-image-preview:large","max-video-preview":"max-video-preview:-1"},"canonical":"https:\/\/www.nfv09.de\/home\/1-mannschaft\/statisatik-1-mannschaft\/","og_locale":"de_DE","og_type":"article","og_title":"Statisatik 1. Mannschaft - NFV Gelb-Wei\u00df G\u00f6rlitz 09 e.V.","og_description":"&#8230; lade FuPa Widget &#8230; NFV Gelb-Wei\u00df G\u00f6rlitz auf FuPa","og_url":"https:\/\/www.nfv09.de\/home\/1-mannschaft\/statisatik-1-mannschaft\/","og_site_name":"NFV Gelb-Wei\u00df G\u00f6rlitz 09 e.V.","article_modified_time":"2016-07-27T07:28:22+00:00","twitter_card":"summary_large_image","schema":{"@context":"https:\/\/schema.org","@graph":[{"@type":"WebPage","@id":"https:\/\/www.nfv09.de\/home\/1-mannschaft\/statisatik-1-mannschaft\/","url":"https:\/\/www.nfv09.de\/home\/1-mannschaft\/statisatik-1-mannschaft\/","name":"Statisatik 1. Mannschaft - NFV Gelb-Wei\u00df G\u00f6rlitz 09 e.V.","isPartOf":{"@id":"https:\/\/www.nfv09.de\/home\/#website"},"datePublished":"2016-07-27T07:26:20+00:00","dateModified":"2016-07-27T07:28:22+00:00","breadcrumb":{"@id":"https:\/\/www.nfv09.de\/home\/1-mannschaft\/statisatik-1-mannschaft\/#breadcrumb"},"inLanguage":"de","potentialAction":[{"@type":"ReadAction","target":["https:\/\/www.nfv09.de\/home\/1-mannschaft\/statisatik-1-mannschaft\/"]}]},{"@type":"BreadcrumbList","@id":"https:\/\/www.nfv09.de\/home\/1-mannschaft\/statisatik-1-mannschaft\/#breadcrumb","itemListElement":[{"@type":"ListItem","position":1,"name":"Startseite","item":"https:\/\/www.nfv09.de\/home\/"},{"@type":"ListItem","position":2,"name":"Herren","item":"https:\/\/www.nfv09.de\/home\/1-mannschaft\/"},{"@type":"ListItem","position":3,"name":"Statisatik 1. Mannschaft"}]},{"@type":"WebSite","@id":"https:\/\/www.nfv09.de\/home\/#website","url":"https:\/\/www.nfv09.de\/home\/","name":"NFV Gelb-Wei\u00df G\u00f6rlitz 09 e.V.","description":"Sachsenklasse Ost","publisher":{"@id":"https:\/\/www.nfv09.de\/home\/#\/schema\/person\/ed693ed28e6e4b3f80b32447b2b6cbc7"},"potentialAction":[{"@type":"SearchAction","target":{"@type":"EntryPoint","urlTemplate":"https:\/\/www.nfv09.de\/home\/?s={search_term_string}"},"query-input":{"@type":"PropertyValueSpecification","valueRequired":true,"valueName":"search_term_string"}}],"inLanguage":"de"},{"@type":["Person","Organization"],"@id":"https:\/\/www.nfv09.de\/home\/#\/schema\/person\/ed693ed28e6e4b3f80b32447b2b6cbc7","name":"Regassi","image":{"@type":"ImageObject","inLanguage":"de","@id":"https:\/\/www.nfv09.de\/home\/wp-content\/uploads\/2015\/04\/cropped-nfv-gelb-weiss-goerlitz-e1468573113314-1.gif","url":"https:\/\/www.nfv09.de\/home\/wp-content\/uploads\/2015\/04\/cropped-nfv-gelb-weiss-goerlitz-e1468573113314-1.gif","contentUrl":"https:\/\/www.nfv09.de\/home\/wp-content\/uploads\/2015\/04\/cropped-nfv-gelb-weiss-goerlitz-e1468573113314-1.gif","width":100,"height":122,"caption":"Regassi"},"logo":{"@id":"https:\/\/www.nfv09.de\/home\/wp-content\/uploads\/2015\/04\/cropped-nfv-gelb-weiss-goerlitz-e1468573113314-1.gif"}}]}},"_links":{"self":[{"href":"https:\/\/www.nfv09.de\/home\/wp-json\/wp\/v2\/pages\/1580","targetHints":{"allow":["GET"]}}],"collection":[{"href":"https:\/\/www.nfv09.de\/home\/wp-json\/wp\/v2\/pages"}],"about":[{"href":"https:\/\/www.nfv09.de\/home\/wp-json\/wp\/v2\/types\/page"}],"author":[{"embeddable":true,"href":"https:\/\/www.nfv09.de\/home\/wp-json\/wp\/v2\/users\/1"}],"replies":[{"embeddable":true,"href":"https:\/\/www.nfv09.de\/home\/wp-json\/wp\/v2\/comments?post=1580"}],"version-history":[{"count":4,"href":"https:\/\/www.nfv09.de\/home\/wp-json\/wp\/v2\/pages\/1580\/revisions"}],"predecessor-version":[{"id":4245,"href":"https:\/\/www.nfv09.de\/home\/wp-json\/wp\/v2\/pages\/1580\/revisions\/4245"}],"up":[{"embeddable":true,"href":"https:\/\/www.nfv09.de\/home\/wp-json\/wp\/v2\/pages\/81"}],"wp:attachment":[{"href":"https:\/\/www.nfv09.de\/home\/wp-json\/wp\/v2\/media?parent=1580"}],"curies":[{"name":"wp","href":"https:\/\/api.w.org\/{rel}","templated":true}]}}

<p><script src="https://www.fupa.net/fupa/widget.min.js" type="text/javascript"></script></p>
<div id="widget_579861dc15d94">&#8230; lade FuPa Widget &#8230;<br />
<script type="text/javascript">// <![CDATA[
var fupa_widget_header = 0; var fupa_widget_navi = 0; var fupa_widget_div = "widget_579861dc15d94"; var fupa_widget_module = "0"; team_widget(356130,'statistik');
// ]]></script></div>
<p><a class="fupa_link" href="http://www.fupa.net/vereine/nfv-gelb-weiss-goerlitz.html" target="_blank">NFV Gelb-Weiß Görlitz auf FuPa</a></p>

<p>&#8230; lade FuPa Widget &#8230; NFV Gelb-Weiß Görlitz auf FuPa</p>

<!-- This site is optimized with the Yoast SEO plugin v27.4 - https://yoast.com/product/yoast-seo-wordpress/ -->
<title>Statisatik 1. Mannschaft - NFV Gelb-Weiß Görlitz 09 e.V.</title>
<meta name="robots" content="index, follow, max-snippet:-1, max-image-preview:large, max-video-preview:-1" />
<link rel="canonical" href="https://www.nfv09.de/home/1-mannschaft/statisatik-1-mannschaft/" />
<meta property="og:locale" content="de_DE" />
<meta property="og:type" content="article" />
<meta property="og:title" content="Statisatik 1. Mannschaft - NFV Gelb-Weiß Görlitz 09 e.V." />
<meta property="og:description" content="&#8230; lade FuPa Widget &#8230; NFV Gelb-Weiß Görlitz auf FuPa" />
<meta property="og:url" content="https://www.nfv09.de/home/1-mannschaft/statisatik-1-mannschaft/" />
<meta property="og:site_name" content="NFV Gelb-Weiß Görlitz 09 e.V." />
<meta property="article:modified_time" content="2016-07-27T07:28:22+00:00" />
<meta name="twitter:card" content="summary_large_image" />
<script type="application/ld+json" class="yoast-schema-graph">{"@context":"https:\/\/schema.org","@graph":[{"@type":"WebPage","@id":"https:\/\/www.nfv09.de\/home\/1-mannschaft\/statisatik-1-mannschaft\/","url":"https:\/\/www.nfv09.de\/home\/1-mannschaft\/statisatik-1-mannschaft\/","name":"Statisatik 1. Mannschaft - NFV Gelb-Weiß Görlitz 09 e.V.","isPartOf":{"@id":"https:\/\/www.nfv09.de\/home\/#website"},"datePublished":"2016-07-27T07:26:20+00:00","dateModified":"2016-07-27T07:28:22+00:00","breadcrumb":{"@id":"https:\/\/www.nfv09.de\/home\/1-mannschaft\/statisatik-1-mannschaft\/#breadcrumb"},"inLanguage":"de","potentialAction":[{"@type":"ReadAction","target":["https:\/\/www.nfv09.de\/home\/1-mannschaft\/statisatik-1-mannschaft\/"]}]},{"@type":"BreadcrumbList","@id":"https:\/\/www.nfv09.de\/home\/1-mannschaft\/statisatik-1-mannschaft\/#breadcrumb","itemListElement":[{"@type":"ListItem","position":1,"name":"Startseite","item":"https:\/\/www.nfv09.de\/home\/"},{"@type":"ListItem","position":2,"name":"Herren","item":"https:\/\/www.nfv09.de\/home\/1-mannschaft\/"},{"@type":"ListItem","position":3,"name":"Statisatik 1. Mannschaft"}]},{"@type":"WebSite","@id":"https:\/\/www.nfv09.de\/home\/#website","url":"https:\/\/www.nfv09.de\/home\/","name":"NFV Gelb-Weiß Görlitz 09 e.V.","description":"Sachsenklasse Ost","publisher":{"@id":"https:\/\/www.nfv09.de\/home\/#\/schema\/person\/ed693ed28e6e4b3f80b32447b2b6cbc7"},"potentialAction":[{"@type":"SearchAction","target":{"@type":"EntryPoint","urlTemplate":"https:\/\/www.nfv09.de\/home\/?s={search_term_string}"},"query-input":{"@type":"PropertyValueSpecification","valueRequired":true,"valueName":"search_term_string"}}],"inLanguage":"de"},{"@type":["Person","Organization"],"@id":"https:\/\/www.nfv09.de\/home\/#\/schema\/person\/ed693ed28e6e4b3f80b32447b2b6cbc7","name":"Regassi","image":{"@type":"ImageObject","inLanguage":"de","@id":"https:\/\/www.nfv09.de\/home\/wp-content\/uploads\/2015\/04\/cropped-nfv-gelb-weiss-goerlitz-e1468573113314-1.gif","url":"https:\/\/www.nfv09.de\/home\/wp-content\/uploads\/2015\/04\/cropped-nfv-gelb-weiss-goerlitz-e1468573113314-1.gif","contentUrl":"https:\/\/www.nfv09.de\/home\/wp-content\/uploads\/2015\/04\/cropped-nfv-gelb-weiss-goerlitz-e1468573113314-1.gif","width":100,"height":122,"caption":"Regassi"},"logo":{"@id":"https:\/\/www.nfv09.de\/home\/wp-content\/uploads\/2015\/04\/cropped-nfv-gelb-weiss-goerlitz-e1468573113314-1.gif"}}]}</script>
<!-- / Yoast SEO plugin. -->

Statisatik 1. Mannschaft - NFV Gelb-Weiß Görlitz 09 e.V.

&#8230; lade FuPa Widget &#8230; NFV Gelb-Weiß Görlitz auf FuPa

NFV Gelb-Weiß Görlitz 09 e.V.
